58505498?
5
What is the units digit of 21382322?
2
What is the hundred millions digit of 535588842?
5
What is the tens digit of 680552932?
3
What is the billions digit of 1880924347?
1
What is the thousands digit of 337994390?
4
What is the millions digit of 2600671602?
0
What is the hundred millions digit of 204145250?
2
What is the hundred thousands digit of 11229490?
2
What is the thousands digit of 120545677?
5
What is the ten thousands digit of 51050187?
5
What is the hundred millions digit of 983103608?
9
What is the hundred thousands digit of 35882842?
8
What is the hundred thousands digit of 1932667551?
6
What is the hundred millions digit of 705132312?
7
What is the tens digit of 1444089871?
7
What is the hundred thousands digit of 2516063327?
0
What is the units digit of 117901320?
0
What is the ten millions digit of 439351274?
3
What is the hundred thousands digit of 302397489?
3
What is the hundred millions digit of 112984619?
1
What is the ten thousands digit of 158875037?
7
What is the hundreds digit of 2885237649?
6
What is the thousands digit of 35504083?
4
What is the thousands digit of 399484580?
4
What is the millions digit of 590414560?
0
What is the units digit of 45965240?
0
What is the billions digit of 2973952204?
2
What is the tens digit of 18034377?
7
What is the hundred millions digit of 565494981?
5
What is the hundred thousands digit of 352364454?
3
What is the hundred thousands digit of 1281431720?
4
What is the thousands digit of 582091932?
1
What is the tens digit of 240448083?
8
What is the ten thousands digit of 50169725?
6
What is the units digit of 42937327?
7
What is the thousands digit of 26094884?
4
What is the hundred millions digit of 1239157287?
2
What is the billions digit of 1682536445?
1
What is the ten millions digit of 283485816?
8
What is the thousands digit of 4177825180?
5
What is the millions digit of 1836389856?
6
What is the ten millions digit of 165316950?
6
What is the hundred millions digit of 2501799711?
5
What is the hundreds digit of 189261633?
6
What is the ten millions digit of 746012390?
4
What is the hundred thousands digit of 746470507?
4
What is the ten millions digit of 238855220?
3
What is the hundred thousands digit of 2795440741?
4
What is the hundreds digit of 311167816?
8
What is the billions digit of 3617297396?
3
What is the hundreds digit of 1934121371?
3
What is the millions digit of 6551163408?
1
What is the thousands digit of 10315466?
5
What is the millions digit of 319967535?
9
What is the ten millions digit of 1067111476?
6
What is the hundreds digit of 60553920?
9
What is the hundreds digit of 14968668?
6
What is the hundred millions digit of 129999963?
1
What is the hundred thousands digit of 25456831?
4
What is the tens digit of 3916526144?
4
What is the thousands digit of 84785044?
5
What is the hundreds digit of 46025437?
4
What is the ten millions digit of 4425888605?
2
What is the thousands digit of 642215391?
5
What is the ten millions digit of 2316914958?
1
What is the hundreds digit of 11995534?
5
What is the hundred thousands digit of 14471535?
4
What is the billions digit of 1947044101?
1
What is the thousands digit of 265895235?
5
What is the ten millions digit of 682953257?
8
What is the hundreds digit of 51958080?
0
What is the millions digit of 8121868?
8
What is the hundred thousands digit of 810038649?
0
What is the hundred thousands digit of 143484616?
4
What is the hundred thousands digit of 5107472627?
4
What is the units digit of 589512030?
0
What is the hundred thousands digit of 509452992?
4
What is the hundred millions digit of 4011116881?
0
What is the ten thousands digit of 79747979?
4
What is the hundreds digit of 26833619?
6
What is the ten millions digit of 350192966?
5
What is the hundred millions digit of 3575115495?
5
What is the millions digit of 6861595?
6
What is the hundred millions digit of 244566295?
2
What is the hundreds digit of 1447605244?
2
What is the units digit of 6470411844?
4
What is the millions digit of 1506756654?
6
What is the hundred thousands digit of 63448500?
4
What is the ten thousands digit of 216301789?
0
What is the hundred millions digit of 101608063?
1
What is the billions digit of 1271685789?
1
What is the millions digit of 278270618?
8
What is the thousands digit of 2126028862?
8
What is the units digit of 89451585?
5
What is the millions digit of 187190759?
7
What is the ten millions digit of 24258637?
2
What is the millions digit of 39110154?
9
What is the hundred millions digit of 3820733919?
8
What is the hundreds digit of 3257715193?
1
What is the ten millions digit of 61578154?
6
What is the units digit of 1324828091?
1
What is the ten thousands digit of 533079066?
7
What is the ten thousands digit of 6769477?
6
What is the hundred thousands digit of 2011812195?
8
What is the hundreds digit of 55418885?
8
What is the millions digit of 15576581?
5
What is the hundred millions digit of 1837877700?
8
What is the thousands digit of 3867132253?
2
What is the hundred thousands digit of 38879279?
8
What is the ten millions digit of 371986052?
7
What is the thousands digit of 28298870?
8
What is the thousands digit of 101414731?
4
What is the millions digit of 346280422?
6
What is the hundred thousands digit of 397232041?
2
What is the tens digit of 34205234?
3
What is the units digit of 920304261?
1
What is the hundred thousands digit of 230001610?
0
What is the units digit of 180337038?
8
What is the hundreds digit of 72241422?
4
What is the units digit of 319971505?
5
What is the millions digit of 884715529?
4
What is the hundred millions digit of 917236976?
9
What is the hundreds digit of 2811606183?
1
What is the units digit of 113437781?
1
What is the hundred thousands digit of 482041179?
0
What is the thousands digit of 323520789?
0
What is the hundred thousands digit of 104829255?
8
What is the hundreds digit of 49722948?
9
What is the ten thousands digit of 97434727?
3
What is the millions digit of 9586069?
9
What is the hundreds digit of 98733198?
1
What is the hundreds digit of 598739607?
6
What is the tens digit of 6984765?
6
What is the units digit of 1808442697?
7
What is the units digit of 5145709676?
6
What is the ten thousands digit of 44541941?
4
What is the ten millions digit of 112508236?
1
What is the tens digit of 1407300197?
9
What is the tens digit of 48391127?
2
What is the hundred thousands digit of 480237237?
2
What is the ten thousands digit of 2207865038?
6
What is the units digit of 18970873?
3
What is the billions digit of 1723891471?
1
What is the hundred millions digit of 249535215?
2
What is the thousands digit of 4452798601?
8
What is the thousands digit of 190125725?
5
What is the hundred thousands digit of 55205230?
2
What is the thousands digit of 118847475?
7
What is the units digit of 57638434?
4
What is the tens digit of 5010748082?
8
What is the units digit of 230133992?
2
What is the ten millions digit of 44148569?
4
What is the millions digit of 286069948?
6
What is the millions digit of 25569172?
5
What is the ten millions digit of 103408065?
0
What is the ten thousands digit of 111331091?
3
What is the hundreds digit of 7747572?
5
What is the units digit of 19040447?
7
What is the hundreds digit of 29293669?
6
What is the tens digit of 1420355718?
1
What is the billions digit of 2313850816?
2
What is the hundreds digit of 321082015?
0
What is the hundred millions digit of 1929176647?
9
What is the ten thousands digit of 3565271?
6
What is the millions digit of 205421778?
5
What is the millions digit of 46430173?
6
What is the tens digit of 16077475?
7
What is the hundred millions digit of 4469056482?
4
What is the units digit of 77046398?
8
What is the thousands digit of 63021174?
1
What is the ten thousands digit of 6915542606?
4
What is the ten millions digit of 821713359?
2
What is the millions digit of 127789101?
7
What is the hundreds digit of 5290240658?
6
What is the ten thousands digit of 163162791?
6
What is the millions digit of 3294965697?
4
What is the ten thousands digit of 20894276?
9
What is the units digit of 4222307114?
4
What is the thousands digit of 701105977?
5
What is the hundred thousands digit of 329232594?
2
What is the tens dig